{"id":2608,"date":"2021-03-11T10:37:10","date_gmt":"2021-03-11T10:37:10","guid":{"rendered":"https:\/\/www.pentruvoi.ro\/?page_id=2608"},"modified":"2025-01-31T19:42:51","modified_gmt":"2025-01-31T17:42:51","slug":"unitatea-protejata-pentru-voi","status":"publish","type":"page","link":"https:\/\/dev.cm.upt.ro\/pentruvoi\/unitatea-protejata-pentru-voi\/","title":{"rendered":"UNITATEA PROTEJATA &#8220;PENTRU VOI&#8221;"},"content":{"rendered":"<p>[vc_row][vc_column][vc_column_text]<\/p>\r\n<h2 class=\"has-text-align-center wp-block-heading\">UNITATEA PROTEJATA &#8220;PENTRU VOI&#8221;<\/h2>\r\n<p>&nbsp;<\/p>\r\n\r\n<p class=\"has-text-align-center\"><strong>Contact: mail : pentruvoi@pentruvoi.ro \/ tel. 0755056306 \/ 0256 228 062<\/strong><\/p>\r\n<p>&nbsp;<\/p>\r\n\r\n<div class=\"wp-block-image\">\r\n<figure class=\"aligncenter size-large\"><img loading=\"lazy\" decoding=\"async\" width=\"960\" height=\"802\" class=\"wp-image-2609\" src=\"https:\/\/dev.cm.upt.ro\/pentruvoi\/wp-content\/uploads\/2021\/03\/poza-UP.jpg\" alt=\"\" srcset=\"https:\/\/dev.cm.upt.ro\/pentruvoi\/wp-content\/uploads\/2021\/03\/poza-UP.jpg 960w, https:\/\/dev.cm.upt.ro\/pentruvoi\/wp-content\/uploads\/2021\/03\/poza-UP-600x501.jpg 600w, https:\/\/dev.cm.upt.ro\/pentruvoi\/wp-content\/uploads\/2021\/03\/poza-UP-300x251.jpg 300w, https:\/\/dev.cm.upt.ro\/pentruvoi\/wp-content\/uploads\/2021\/03\/poza-UP-768x642.jpg 768w, https:\/\/dev.cm.upt.ro\/pentruvoi\/wp-content\/uploads\/2021\/03\/poza-UP-14x12.jpg 14w\" sizes=\"auto, (max-width: 960px) 100vw, 960px\" \/><\/figure>\r\n<\/div>\r\n<p>&nbsp;<\/p>\r\n\r\n<div class=\"wp-block-group is-layout-flow wp-block-group-is-layout-flow\">\r\n<div class=\"wp-block-group__inner-container\">\r\n<p>Unitatea Protejata &#8220;Pentru Voi&#8221; a fost autorizata in data de 5 ianuarie 2021, prin Ordinul Nr.7 din 05.01.2021 emis de Autoritatea Na\u021bional\u0103 pentru Persoane cu Dizabilit\u0103\u021bi, Copii si Adop\u021bii.<\/p>\r\n<p><strong><em>Unitatea Protejat\u0103 \u201ePentru Voi\u201d func\u0163ioneaz\u0103 \u00een cadrul Funda\u0163iei \u201cPentru Voi\u201d, iar profitul este \u00een \u00eentregime folosit pentru serviciile sociale comunitare oferite de Funda\u0163ie, pentru 200 persoane cu dizabilit\u0103\u0163i intelectuale \u015fi familiile lor.<\/em><\/strong><\/p>\r\n<p>\u00cen lumina noilor reglement\u0103ri legale, <strong><em>intermedierea nu mai este posibil\u0103<\/em><\/strong><strong>.<\/strong><\/p>\r\n<p><strong>Art. 5. &#8211; <\/strong>(1) <em><u>Propria activitate a persoanei cu handicap angajate<\/u><\/em> \u00een cadrul unit\u0103\u021bii protejate autorizate reprezint\u0103 ansamblul activit\u0103\u021bilor realizate integral sau par\u021bial de persoana cu handicap\/invalid\u0103 gradul III, \u00een scopul ob\u021binerii produsului comercializabil sau \u00een scopul prest\u0103rii serviciului.<\/p>\r\n<p class=\"has-text-align-left\">(2) Produsul comercializabil reprezint\u0103 bunul material ob\u021binut prin prelucrarea materiilor prime \u00een procesul de produc\u021bie realizat prin propria activitate a persoanei cu handicap\/invalid\u0103 gradul III, iar serviciul prestat reprezint\u0103 opera\u021biunea realizat\u0103 prin propria activitate a persoanei cu handicap\/invalid\u0103 gradul III, <strong><em><u>care nu constituie intermediere sau livrare de bunuri<\/u><\/em><\/strong>, altele dec\u00e2t cele rezultate din activitatea de produc\u021bie a entit\u0103\u021bii, al c\u0103rui cost este reprezentat de minimum 70% din cheltuielile salariale.<\/p>\r\n<p class=\"has-text-align-left\">Oferta Unitatii Protejate &#8220;Pentru Voi&#8221; cuprinde:<\/p>\r\n<p><strong>Produse<\/strong>:<\/p>\r\n<p><strong>Tip\u0103ritur<\/strong>i: bro\u015furi, newsletter, regulamente, c\u0103r\u0163i de vizit\u0103, afi\u015fe la dimensiuni dorite de client, de la A5 p\u00e2n\u0103 la A0, rapoarte, fi\u015fe tip, invita\u0163ii evenimente, ecusoane, flyere, calendare etc.<\/p>\r\n<p><strong>Felicit\u0103ri<\/strong>: imprimate, quilling, cu sclipici, cusute de m\u00e2n\u0103, personalizate;<\/p>\r\n<p><strong>Produse handmade<\/strong>: bro\u015fe, m\u0103r\u0163i\u015foare, br\u0103\u0163ari, coliere, m\u0103rgele, cercei, s\u0103cule\u0163i, tr\u0103istu\u0163e realizate manual, decoratiuni diverse, aranjamente Cr\u0103ciun, aranjamente Pa\u015fti etc.;<\/p>\r\n<p><strong>Servicii<\/strong>:<\/p>\r\n<ul>\r\n<li>\u201eSolu\u021bii training Funda\u021bia \u201ePentru Voi\u201d<\/li>\r\n<li>Cursuri Microsoft: Project, Excel, Powerpoint<\/li>\r\n<\/ul>\r\n<ul>\r\n<li>Redactare \u0219i expediere scrisori, pliante etc.<\/li>\r\n<\/ul>\r\n<ul>\r\n<li>Organizare evenimente: expozitii, targuri si<\/li>\r\n<\/ul>\r\n<p>conferinte<\/p>\r\n<\/div>\r\n<\/div>\r\n<p>&nbsp;<\/p>\r\n<p><a href=\"https:\/\/dev.cm.upt.ro\/pentruvoi\/wp-content\/uploads\/2025\/01\/Anexa-7-UP-Pentru-Voi-NR.186-31.01.25.pdf\" target=\"_blank\" rel=\"noopener\"><strong>Raport anual Unitatea Protejata Pentru Voi 2024 nr. 186<\/strong><\/a><\/p>\r\n<p><a href=\"https:\/\/dev.cm.upt.ro\/pentruvoi\/wp-content\/uploads\/2025\/01\/Anexa-7-UP-Pentru-Voi-Nr.187-31.01.25.pdf\" target=\"_blank\" rel=\"noopener\"><strong>Raport anual Unitatea Protejata Pentru Voi 2024 nr. 187<\/strong><\/a><\/p>\r\n<p><strong><a href=\"https:\/\/dev.cm.upt.ro\/pentruvoi\/wp-content\/uploads\/2024\/02\/Raport-activitate-anul-2023-UP-Pentru-Voi.pdf\">Raport anual Unitatea Protejata Pentru Voi 2023<\/a><\/strong><\/p>\r\n<p><strong><a href=\"https:\/\/dev.cm.upt.ro\/pentruvoi\/wp-content\/uploads\/2023\/01\/Anexa-7-Raport-de-activitate.pdf\" target=\"_blank\" rel=\"noopener\">Raport anual Unitatea Protejata Pentru Voi 2022<\/a><\/strong><\/p>\r\n<p><strong><a href=\"https:\/\/dev.cm.upt.ro\/pentruvoi\/wp-content\/uploads\/2022\/01\/Raport-2021_UPA-Pentru-Voi.pdf\" target=\"_blank\" rel=\"noopener\">Raport anual Unitatea Protejata Pentru Voi 2021<\/a><\/strong><\/p>\r\n<p>&nbsp;<\/p>\r\n<p>&nbsp;<\/p>\r\n\r\n<p>Pentru comenzi \u015fi informa\u0163ii despre produse putem fi contacta\u0163i la telefon: <strong>0256 228 062 \/ 0755 056 306.<\/strong><\/p>\r\n\r\n<p>E-mail: <a href=\"mailto:comenzi@pentruvoi.ro\">comenzi@pentruvoi.ro<\/a>; <a href=\"mailto:simona.hanga@pentruvoi.ro\" target=\"_blank\" rel=\"noreferrer noopener\">simona.hanga@pentruvoi.ro<\/a>; <a href=\"https:\/\/dev.cm.upt.ro\/pentruvoi\/\" target=\"_blank\" rel=\"noreferrer noopener\">www.pentruvoi.ro<\/a><\/p>\r\n<p>&nbsp;<\/p>\r\n<p>[\/vc_column_text][\/vc_column][\/vc_row]<\/p>","protected":false},"excerpt":{"rendered":"<p>[vc_row][vc_column][vc_column_text] UNITATEA PROTEJATA &#8220;PENTRU VOI&#8221; &nbsp; Contact: mail : pentruvoi@pentruvoi.ro \/ tel. 0755056306 \/ 0256 228 062 &nbsp; &nbsp; Unitatea Protejata &#8220;Pentru Voi&#8221; a fost autorizata in data de 5 ianuarie 2021, prin Ordinul Nr.7 din 05.01.2021 emis de Autoritatea Na\u021bional\u0103 pentru Persoane cu Dizabilit\u0103\u021bi, Copii si Adop\u021bii. Unitatea Protejat\u0103 \u201ePentru Voi\u201d func\u0163ioneaz\u0103 \u00een cadrul [&hellip;]<\/p>\n","protected":false},"author":11,"featured_media":0,"parent":0,"menu_order":0,"comment_status":"closed","ping_status":"closed","template":"","meta":{"_acf_changed":false,"ngg_post_thumbnail":0,"footnotes":""},"class_list":["post-2608","page","type-page","status-publish","hentry","entry"],"acf":[],"yoast_head":"<!-- This site is optimized with the Yoast SEO plugin v26.7 - https:\/\/yoast.com\/wordpress\/plugins\/seo\/ -->\n<title>UNITATEA PROTEJATA &quot;PENTRU VOI&quot; - Fundatia Pentru Voi<\/title>\n<meta name=\"description\" content=\"Unitatea Protejata &quot;Pentru Voi&quot; a fost autorizata in data de 5 ianuarie 2021, prin Ordinul Nr.7 din 05.01.2021 al Autoritatii Na\u021bionale.\" \/>\n<meta name=\"robots\" content=\"index, follow, max-snippet:-1, max-image-preview:large, max-video-preview:-1\" \/>\n<link rel=\"canonical\" href=\"https:\/\/dev.cm.upt.ro\/pentruvoi\/unitatea-protejata-pentru-voi\/\" \/>\n<meta property=\"og:locale\" content=\"en_US\" \/>\n<meta property=\"og:type\" content=\"article\" \/>\n<meta property=\"og:title\" content=\"UNITATEA PROTEJATA &quot;PENTRU VOI&quot; - Fundatia Pentru Voi\" \/>\n<meta property=\"og:description\" content=\"Unitatea Protejata &quot;Pentru Voi&quot; a fost autorizata in data de 5 ianuarie 2021, prin Ordinul Nr.7 din 05.01.2021 al Autoritatii Na\u021bionale.\" \/>\n<meta property=\"og:url\" content=\"https:\/\/dev.cm.upt.ro\/pentruvoi\/unitatea-protejata-pentru-voi\/\" \/>\n<meta property=\"og:site_name\" content=\"Fundatia Pentru Voi\" \/>\n<meta property=\"article:publisher\" content=\"https:\/\/www.facebook.com\/FoundationPentruVoi\" \/>\n<meta property=\"article:modified_time\" content=\"2025-01-31T17:42:51+00:00\" \/>\n<meta property=\"og:image\" content=\"https:\/\/dev.cm.upt.ro\/pentruvoi\/wp-content\/uploads\/2021\/03\/poza-UP.jpg\" \/>\n\t<meta property=\"og:image:width\" content=\"960\" \/>\n\t<meta property=\"og:image:height\" content=\"802\" \/>\n\t<meta property=\"og:image:type\" content=\"image\/jpeg\" \/>\n<meta name=\"twitter:card\" content=\"summary_large_image\" \/>\n<meta name=\"twitter:site\" content=\"@PentruVoi\" \/>\n<meta name=\"twitter:label1\" content=\"Est. reading time\" \/>\n\t<meta name=\"twitter:data1\" content=\"2 minutes\" \/>\n<script type=\"application\/ld+json\" class=\"yoast-schema-graph\">{\"@context\":\"https:\/\/schema.org\",\"@graph\":[{\"@type\":\"WebPage\",\"@id\":\"https:\/\/dev.cm.upt.ro\/pentruvoi\/unitatea-protejata-pentru-voi\/\",\"url\":\"https:\/\/dev.cm.upt.ro\/pentruvoi\/unitatea-protejata-pentru-voi\/\",\"name\":\"UNITATEA PROTEJATA \\\"PENTRU VOI\\\" - Fundatia Pentru Voi\",\"isPartOf\":{\"@id\":\"https:\/\/dev.cm.upt.ro\/pentruvoi\/#website\"},\"primaryImageOfPage\":{\"@id\":\"https:\/\/dev.cm.upt.ro\/pentruvoi\/unitatea-protejata-pentru-voi\/#primaryimage\"},\"image\":{\"@id\":\"https:\/\/dev.cm.upt.ro\/pentruvoi\/unitatea-protejata-pentru-voi\/#primaryimage\"},\"thumbnailUrl\":\"https:\/\/dev.cm.upt.ro\/pentruvoi\/wp-content\/uploads\/2021\/03\/poza-UP.jpg\",\"datePublished\":\"2021-03-11T10:37:10+00:00\",\"dateModified\":\"2025-01-31T17:42:51+00:00\",\"description\":\"Unitatea Protejata \\\"Pentru Voi\\\" a fost autorizata in data de 5 ianuarie 2021, prin Ordinul Nr.7 din 05.01.2021 al Autoritatii Na\u021bionale.\",\"breadcrumb\":{\"@id\":\"https:\/\/dev.cm.upt.ro\/pentruvoi\/unitatea-protejata-pentru-voi\/#breadcrumb\"},\"inLanguage\":\"en-US\",\"potentialAction\":[{\"@type\":\"ReadAction\",\"target\":[\"https:\/\/dev.cm.upt.ro\/pentruvoi\/unitatea-protejata-pentru-voi\/\"]}]},{\"@type\":\"ImageObject\",\"inLanguage\":\"en-US\",\"@id\":\"https:\/\/dev.cm.upt.ro\/pentruvoi\/unitatea-protejata-pentru-voi\/#primaryimage\",\"url\":\"https:\/\/dev.cm.upt.ro\/pentruvoi\/wp-content\/uploads\/2021\/03\/poza-UP.jpg\",\"contentUrl\":\"https:\/\/dev.cm.upt.ro\/pentruvoi\/wp-content\/uploads\/2021\/03\/poza-UP.jpg\"},{\"@type\":\"BreadcrumbList\",\"@id\":\"https:\/\/dev.cm.upt.ro\/pentruvoi\/unitatea-protejata-pentru-voi\/#breadcrumb\",\"itemListElement\":[{\"@type\":\"ListItem\",\"position\":1,\"name\":\"Prima pagin\u0103\",\"item\":\"https:\/\/dev.cm.upt.ro\/pentruvoi\/\"},{\"@type\":\"ListItem\",\"position\":2,\"name\":\"UNITATEA PROTEJATA &#8220;PENTRU VOI&#8221;\"}]},{\"@type\":\"WebSite\",\"@id\":\"https:\/\/dev.cm.upt.ro\/pentruvoi\/#website\",\"url\":\"https:\/\/dev.cm.upt.ro\/pentruvoi\/\",\"name\":\"Fundatia Pentru Voi\",\"description\":\"\",\"publisher\":{\"@id\":\"https:\/\/dev.cm.upt.ro\/pentruvoi\/#organization\"},\"potentialAction\":[{\"@type\":\"SearchAction\",\"target\":{\"@type\":\"EntryPoint\",\"urlTemplate\":\"https:\/\/dev.cm.upt.ro\/pentruvoi\/?s={search_term_string}\"},\"query-input\":{\"@type\":\"PropertyValueSpecification\",\"valueRequired\":true,\"valueName\":\"search_term_string\"}}],\"inLanguage\":\"en-US\"},{\"@type\":\"Organization\",\"@id\":\"https:\/\/dev.cm.upt.ro\/pentruvoi\/#organization\",\"name\":\"Fundatia Pentru Voi\",\"url\":\"https:\/\/dev.cm.upt.ro\/pentruvoi\/\",\"logo\":{\"@type\":\"ImageObject\",\"inLanguage\":\"en-US\",\"@id\":\"https:\/\/dev.cm.upt.ro\/pentruvoi\/#\/schema\/logo\/image\/\",\"url\":\"https:\/\/dev.cm.upt.ro\/pentruvoi\/wp-content\/uploads\/2020\/01\/logo_pentruvoi.png\",\"contentUrl\":\"https:\/\/dev.cm.upt.ro\/pentruvoi\/wp-content\/uploads\/2020\/01\/logo_pentruvoi.png\",\"width\":157,\"height\":80,\"caption\":\"Fundatia Pentru Voi\"},\"image\":{\"@id\":\"https:\/\/dev.cm.upt.ro\/pentruvoi\/#\/schema\/logo\/image\/\"},\"sameAs\":[\"https:\/\/www.facebook.com\/FoundationPentruVoi\",\"https:\/\/x.com\/PentruVoi\"]}]}<\/script>\n<!-- \/ Yoast SEO plugin. -->","yoast_head_json":{"title":"UNITATEA PROTEJATA \"PENTRU VOI\" - Fundatia Pentru Voi","description":"Unitatea Protejata \"Pentru Voi\" a fost autorizata in data de 5 ianuarie 2021, prin Ordinul Nr.7 din 05.01.2021 al Autoritatii Na\u021bionale.","robots":{"index":"index","follow":"follow","max-snippet":"max-snippet:-1","max-image-preview":"max-image-preview:large","max-video-preview":"max-video-preview:-1"},"canonical":"https:\/\/dev.cm.upt.ro\/pentruvoi\/unitatea-protejata-pentru-voi\/","og_locale":"en_US","og_type":"article","og_title":"UNITATEA PROTEJATA \"PENTRU VOI\" - Fundatia Pentru Voi","og_description":"Unitatea Protejata \"Pentru Voi\" a fost autorizata in data de 5 ianuarie 2021, prin Ordinul Nr.7 din 05.01.2021 al Autoritatii Na\u021bionale.","og_url":"https:\/\/dev.cm.upt.ro\/pentruvoi\/unitatea-protejata-pentru-voi\/","og_site_name":"Fundatia Pentru Voi","article_publisher":"https:\/\/www.facebook.com\/FoundationPentruVoi","article_modified_time":"2025-01-31T17:42:51+00:00","og_image":[{"width":960,"height":802,"url":"https:\/\/dev.cm.upt.ro\/pentruvoi\/wp-content\/uploads\/2021\/03\/poza-UP.jpg","type":"image\/jpeg"}],"twitter_card":"summary_large_image","twitter_site":"@PentruVoi","twitter_misc":{"Est. reading time":"2 minutes"},"schema":{"@context":"https:\/\/schema.org","@graph":[{"@type":"WebPage","@id":"https:\/\/dev.cm.upt.ro\/pentruvoi\/unitatea-protejata-pentru-voi\/","url":"https:\/\/dev.cm.upt.ro\/pentruvoi\/unitatea-protejata-pentru-voi\/","name":"UNITATEA PROTEJATA \"PENTRU VOI\" - Fundatia Pentru Voi","isPartOf":{"@id":"https:\/\/dev.cm.upt.ro\/pentruvoi\/#website"},"primaryImageOfPage":{"@id":"https:\/\/dev.cm.upt.ro\/pentruvoi\/unitatea-protejata-pentru-voi\/#primaryimage"},"image":{"@id":"https:\/\/dev.cm.upt.ro\/pentruvoi\/unitatea-protejata-pentru-voi\/#primaryimage"},"thumbnailUrl":"https:\/\/dev.cm.upt.ro\/pentruvoi\/wp-content\/uploads\/2021\/03\/poza-UP.jpg","datePublished":"2021-03-11T10:37:10+00:00","dateModified":"2025-01-31T17:42:51+00:00","description":"Unitatea Protejata \"Pentru Voi\" a fost autorizata in data de 5 ianuarie 2021, prin Ordinul Nr.7 din 05.01.2021 al Autoritatii Na\u021bionale.","breadcrumb":{"@id":"https:\/\/dev.cm.upt.ro\/pentruvoi\/unitatea-protejata-pentru-voi\/#breadcrumb"},"inLanguage":"en-US","potentialAction":[{"@type":"ReadAction","target":["https:\/\/dev.cm.upt.ro\/pentruvoi\/unitatea-protejata-pentru-voi\/"]}]},{"@type":"ImageObject","inLanguage":"en-US","@id":"https:\/\/dev.cm.upt.ro\/pentruvoi\/unitatea-protejata-pentru-voi\/#primaryimage","url":"https:\/\/dev.cm.upt.ro\/pentruvoi\/wp-content\/uploads\/2021\/03\/poza-UP.jpg","contentUrl":"https:\/\/dev.cm.upt.ro\/pentruvoi\/wp-content\/uploads\/2021\/03\/poza-UP.jpg"},{"@type":"BreadcrumbList","@id":"https:\/\/dev.cm.upt.ro\/pentruvoi\/unitatea-protejata-pentru-voi\/#breadcrumb","itemListElement":[{"@type":"ListItem","position":1,"name":"Prima pagin\u0103","item":"https:\/\/dev.cm.upt.ro\/pentruvoi\/"},{"@type":"ListItem","position":2,"name":"UNITATEA PROTEJATA &#8220;PENTRU VOI&#8221;"}]},{"@type":"WebSite","@id":"https:\/\/dev.cm.upt.ro\/pentruvoi\/#website","url":"https:\/\/dev.cm.upt.ro\/pentruvoi\/","name":"Fundatia Pentru Voi","description":"","publisher":{"@id":"https:\/\/dev.cm.upt.ro\/pentruvoi\/#organization"},"potentialAction":[{"@type":"SearchAction","target":{"@type":"EntryPoint","urlTemplate":"https:\/\/dev.cm.upt.ro\/pentruvoi\/?s={search_term_string}"},"query-input":{"@type":"PropertyValueSpecification","valueRequired":true,"valueName":"search_term_string"}}],"inLanguage":"en-US"},{"@type":"Organization","@id":"https:\/\/dev.cm.upt.ro\/pentruvoi\/#organization","name":"Fundatia Pentru Voi","url":"https:\/\/dev.cm.upt.ro\/pentruvoi\/","logo":{"@type":"ImageObject","inLanguage":"en-US","@id":"https:\/\/dev.cm.upt.ro\/pentruvoi\/#\/schema\/logo\/image\/","url":"https:\/\/dev.cm.upt.ro\/pentruvoi\/wp-content\/uploads\/2020\/01\/logo_pentruvoi.png","contentUrl":"https:\/\/dev.cm.upt.ro\/pentruvoi\/wp-content\/uploads\/2020\/01\/logo_pentruvoi.png","width":157,"height":80,"caption":"Fundatia Pentru Voi"},"image":{"@id":"https:\/\/dev.cm.upt.ro\/pentruvoi\/#\/schema\/logo\/image\/"},"sameAs":["https:\/\/www.facebook.com\/FoundationPentruVoi","https:\/\/x.com\/PentruVoi"]}]}},"_links":{"self":[{"href":"https:\/\/dev.cm.upt.ro\/pentruvoi\/wp-json\/wp\/v2\/pages\/2608","targetHints":{"allow":["GET"]}}],"collection":[{"href":"https:\/\/dev.cm.upt.ro\/pentruvoi\/wp-json\/wp\/v2\/pages"}],"about":[{"href":"https:\/\/dev.cm.upt.ro\/pentruvoi\/wp-json\/wp\/v2\/types\/page"}],"author":[{"embeddable":true,"href":"https:\/\/dev.cm.upt.ro\/pentruvoi\/wp-json\/wp\/v2\/users\/11"}],"replies":[{"embeddable":true,"href":"https:\/\/dev.cm.upt.ro\/pentruvoi\/wp-json\/wp\/v2\/comments?post=2608"}],"version-history":[{"count":12,"href":"https:\/\/dev.cm.upt.ro\/pentruvoi\/wp-json\/wp\/v2\/pages\/2608\/revisions"}],"predecessor-version":[{"id":5055,"href":"https:\/\/dev.cm.upt.ro\/pentruvoi\/wp-json\/wp\/v2\/pages\/2608\/revisions\/5055"}],"wp:attachment":[{"href":"https:\/\/dev.cm.upt.ro\/pentruvoi\/wp-json\/wp\/v2\/media?parent=2608"}],"curies":[{"name":"wp","href":"https:\/\/api.w.org\/{rel}","templated":true}]}}